13?
34
Calculate the remainder when 154853 is divided by 326.
3
Calculate the remainder when 98797 is divided by 2669.
44
What is the remainder when 2841 is divided by 932?
45
What is the remainder when 24058 is divided by 25?
8
What is the remainder when 20537 is divided by 20518?
19
What is the remainder when 23002 is divided by 594?
430
Calculate the remainder when 952 is divided by 332.
288
Calculate the remainder when 5326 is divided by 213.
1
Calculate the remainder when 6039 is divided by 2024.
1991
Calculate the remainder when 14321 is divided by 76.
33
What is the remainder when 67341 is divided by 67190?
151
Calculate the remainder when 131162 is divided by 30.
2
What is the remainder when 312 is divided by 90?
42
What is the remainder when 9666 is divided by 1016?
522
What is the remainder when 169096 is divided by 12076?
32
What is the remainder when 1740 is divided by 14?
4
What is the remainder when 455767 is divided by 41433?
4
Calculate the remainder when 8387 is divided by 18.
17
Calculate the remainder when 33670 is divided by 46.
44
Calculate the remainder when 54718 is divided by 84.
34
Calculate the remainder when 2026 is divided by 121.
90
Calculate the remainder when 14732 is divided by 10.
2
What is the remainder when 17289 is divided by 480?
9
What is the remainder when 1166 is divided by 1152?
14
What is the remainder when 15878 is divided by 3?
2
What is the remainder when 54580 is divided by 6?
4
Calculate the remainder when 7523 is divided by 102.
77
What is the remainder when 31678 is divided by 132?
130
What is the remainder when 14683 is divided by 7327?
29
Calculate the remainder when 11977 is divided by 109.
96
Calculate the remainder when 110004 is divided by 6110.
24
What is the remainder when 210416 is divided by 180?
176
What is the remainder when 22845 is divided by 381?
366
What is the remainder when 24831 is divided by 1583?
1086
Calculate the remainder when 175459 is divided by 14621.
7
Calculate the remainder when 420512 is divided by 36.
32
What is the remainder when 1166 is divided by 54?
32
Calculate the remainder when 112366 is divided by 1702.
34
What is the remainder when 769831 is divided by 207?
205
What is the remainder when 52775 is divided by 1347?
242
What is the remainder when 127112 is divided by 99?
95
What is the remainder when 8623 is divided by 133?
111
What is the remainder when 15868 is divided by 7908?
52
Calculate the remainder when 22056 is divided by 5419.
380
What is the remainder when 883 is divided by 647?
236
Calculate the remainder when 9736 is divided by 487.
483
Calculate the remainder when 75872 is divided by 12.
8
Calculate the remainder when 326021 is divided by 576.
5
What is the remainder when 1162144 is divided by 275?
269
Calculate the remainder when 22943 is divided by 7642.
17
Calculate the remainder when 131728 is divided by 336.
16
What is the remainder when 8850 is divided by 4262?
326
Calculate the remainder when 286 is divided by 191.
95
Calculate the remainder when 27232 is divided by 3404.
0
Calculate the remainder when 26202 is divided by 4.
2
Calculate the remainder when 3895 is divided by 39.
34
Calculate the remainder when 14319 is divided by 217.
214
Calculate the remainder when 15812 is divided by 39.
17
What is the remainder when 3458 is divided by 76?
38
Calculate the remainder when 178968 is divided by 376.
368
What is the remainder when 160477 is divided by 23?
6
What is the remainder when 2501 is divided by 226?
15
What is the remainder when 2658 is divided by 102?
6
Calculate the remainder when 2678 is divided by 151.
111
Calculate the remainder when 4025766 is divided by 238.
234
What is the remainder when 25146 is divided by 104?
82
What is the remainder when 101204 is divided by 25301?
0
Calculate the remainder when 1761 is divided by 158.
23
What is the remainder when 6116 is divided by 61?
16
What is the remainder when 38362 is divided by 138?
136
What is the remainder when 143777 is divided by 24?
17
Calculate the remainder when 676 is divided by 173.
157
Calculate the remainder when 23295 is divided by 284.
7
Calculate the remainder when 26360 is divided by 62.
10
Calculate the remainder when 337591 is divided by 15.
1
Calculate the remainder when 1291 is divided by 219.
196
What is the remainder when 16620 is divided by 8271?
78
Calculate the remainder when 615339 is divided by 110.
109
Calculate the remainder when 32765 is divided by 10914.
23
What is the remainder when 209514 is divided by 339?
12
Calculate the remainder when 206201 is divided by 113.
89
Calculate the remainder when 194818 is divided by 127.
0
What is the remainder when 440043 is divided by 146671?
30
What is the remainder when 2082 is divided by 520?
2
Calculate the remainder when 3867 is divided by 641.
21
What is the remainder when 80440 is divided by 509?
18
Calculate the remainder when 1744 is divided by 1570.
174
Calculate the remainder when 23407 is divided by 19.
18
What is the remainder when 22343 is divided by 84?
83
Calculate the remainder when 28891 is divided by 77.
16
What is the remainder when 63655 is divided by 330?
295
What is the remainder when 4665 is divided by 380?
105
Calculate the remainder when 5234 is divided by 3750.
1484
What is the remainder when 92812 is divided by 901?
9
Calculate the remainder when 40253 is divided by 68.
65
What is the remainder when 4375 is divided by 341?
283
Calculate the remainder when 15606 is divided by 22.
8
Calculate the remainder when 33049 is divided by 869.
27
Calculate the remainder when 30934 is divided by 26.
20
Calculate the remainder when 1032 is divided by 8.
0
Calculate the remainder when 396089 is divided by 243.
242
Calculate the remainder when 10929 is divided by 168.
9
What is the remainder when 12928 is divided by 101?
0
What is the remainder when 194819 is divided by 85?
84
What is the remainder when 3863 is divided by 421?
74
Calculate the remainder when 7564 is divided by 200.
164
What is the remainder when 11692 is divided by 1659?
79
Calculate the remainder when 224972 is divided by 4166.
8
Calculate the remainder when 3846 is divided by 52.
50
What is the remainder when 4590 is divided by 2277?
36
Calculate the remainder when 1576 is divided by 252.
64
Calculate the remainder when 21242 is divided by 7.
4
What is the remainder when 6211 is divided by 163?
17
What is the remainder when 21627 is divided by 10811?
5
Calculate the remainder when 31785 is divided by 2697.
2118
Calculate the remainder when 1018915 is divided by 439.
435
What is the remainder when 2552 is divided by 284?
280
Calculate the remainder when 2959 is divided by 463.
181
Calculate the remainder when 7140 is divided by 50.
40
Calculate the remainder when 811 is divided by 135.
1
Calculate the remainder when 319 is divided by 113.
93
Calculate the remainder when 12325 is divided by 34.
17
What is the remainder when 17972 is divided by 56?
52
What is the remainder when 11722 is divided by 1151?
212
Calculate the remainder when 1646143 is divided by 1156.
1155
Calculate the remainder when 6176 is divided by 616.
16
What is the remainder when 1114468 is divided by 183?
181
Calculate the remainder when 1100 is divided by 52.
8
Calculate the remainder when 19812 is divided by 150.
12
Calculate the remainder when 2158 is divided by 226.
124
What is the remainder when 91346 is divided by 150?
146
What is the remainder when 42003 is divided by 20918?
167
Calculate the remainder when 1858626 is divided by 47.
11
What is the remainder when 4888 is divided by 28?
16
What is the remainder when 275569 is divided by 170?
169
What is the remainder when 54056 is divided by 636?
632
What is the remainder when 12226 is divided by 59?
13
What is the remainder when 185310 is divided by 427?
419
What is the remainder when 2387 is divided by 42?
35
What is the remainder when 128234 is divided by 194?
0
What is the remainder when 2204263 is divided by 21?
19
Calculate the remainder when 32327 is divided by 122.
119
What is the remainder when 19380 is divided by 13?
10
What is the remainder when 6122 is divided by 26?
12
Calculate the remainder when 4382 is divided by 80.
62
What is the remainder when 7876 is divided by 567?
505
What is the